oes 13 divide 11749572?
False
Is 478 a factor of 5654909?
False
Is 31493 a multiple of 41?
False
Does 31 divide 867783?
True
Does 637 divide 1866266?
False
Does 111 divide 13875?
True
Is 570 a factor of 6530589?
False
Is 228263 a multiple of 14?
False
Does 202 divide 27472?
True
Is 10 a factor of 96997?
False
Is 77 a factor of 209843?
False
Is 183 a factor of 880042?
False
Is 62 a factor of 334535?
False
Does 73 divide 77161?
True
Is 789600 a multiple of 96?
True
Does 45 divide 459495?
True
Is 659 a factor of 1039902?
True
Does 342 divide 1007874?
True
Is 372 a factor of 1539708?
True
Does 3 divide 238296?
True
Does 28 divide 103292?
True
Is 2432825 a multiple of 23?
True
Is 19 a factor of 5091373?
True
Is 11958262 a multiple of 1059?
False
Is 20 a factor of 273580?
True
Does 16 divide 615200?
True
Does 5 divide 60960?
True
Does 8 divide 39401?
False
Does 21 divide 3617061?
True
Is 350210 a multiple of 70?
True
Is 202 a factor of 12518950?
True
Is 682760 a multiple of 20?
True
Does 78 divide 63957?
False
Is 345036 a multiple of 39?
False
Is 581017 a multiple of 327?
False
Is 115320 a multiple of 214?
False
Is 170 a factor of 63240?
True
Is 380 a factor of 497273?
False
Is 187 a factor of 8696435?
True
Does 271 divide 153386?
True
Is 32393 a multiple of 22?
False
Does 60 divide 1303735?
False
Is 27 a factor of 379613?
False
Is 14 a factor of 73136?
True
Is 34 a factor of 153782?
True
Is 41 a factor of 15040973?
True
Does 387 divide 4330143?
True
Is 1157536 a multiple of 593?
True
Does 15 divide 27736?
False
Is 372 a factor of 127596?
True
Is 59 a factor of 927403?
False
Is 374360 a multiple of 382?
True
Is 734 a factor of 826287?
False
Is 87 a factor of 234816?
False
Is 37 a factor of 1359637?
False
Is 2 a factor of 5758?
True
Is 245568 a multiple of 48?
True
Is 37 a factor of 1052354?
True
Is 48 a factor of 24759?
False
Is 9 a factor of 139350?
False
Is 979514 a multiple of 11?
False
Is 11 a factor of 15623574?
False
Is 69 a factor of 341964?
True
Is 10640 a multiple of 4?
True
Does 247 divide 401431?
False
Is 23 a factor of 292008?
True
Is 84135 a multiple of 213?
True
Does 8 divide 409512?
True
Is 59 a factor of 353227?
False
Is 12 a factor of 234980?
False
Is 260 a factor of 239980?
True
Is 1575173 a multiple of 157?
False
Does 11 divide 1467585?
False
Is 253526 a multiple of 73?
False
Is 619 a factor of 2632406?
False
Is 1140805 a multiple of 151?
True
Is 1462656 a multiple of 104?
True
Is 763 a factor of 1719039?
True
Is 8373456 a multiple of 852?
True
Is 864500 a multiple of 10?
True
Is 39 a factor of 35802?
True
Does 471 divide 376329?
True
Is 45 a factor of 295065?
True
Is 497 a factor of 407540?
True
Is 10 a factor of 206556?
False
Is 26 a factor of 549848?
True
Does 45 divide 42171?
False
Is 58182 a multiple of 21?
False
Does 2 divide 3230?
True
Is 55965 a multiple of 65?
True
Does 124 divide 3821?
False
Does 14 divide 81261?
False
Does 199 divide 35355?
False
Is 340 a factor of 9751880?
True
Is 436 a factor of 1283497?
False
Is 75664 a multiple of 6?
False
Is 67744 a multiple of 101?
False
Does 148 divide 328704?
False
Is 501 a factor of 2211915?
True
Is 47240 a multiple of 13?
False
Is 20 a factor of 855392?
False
Is 2 a factor of 129660?
True
Does 4 divide 37776?
True
Does 154 divide 5804876?
True
Is 17 a factor of 679711?
True
Does 819 divide 3270622?
False
Does 50 divide 349858?
False
Is 33151 a multiple of 2?
False
Does 6 divide 114646?
False
Does 75 divide 7813575?
True
Is 13 a factor of 135486?
True
Does 157 divide 2040058?
True
Does 71 divide 177414?
False
Is 166042 even?
True
Is 1096780 a multiple of 360?
False
Is 56488 a multiple of 2?
True
Is 21105480 a multiple of 1416?
True
Does 241 divide 560566?
True
Does 60 divide 34791?
False
Is 1718289 a multiple of 72?
False
Is 10 a factor of 17732?
False
Does 366 divide 37664?
False
Is 9782485 a multiple of 685?
True
Does 159 divide 8493939?
True
Is 20933098 a multiple of 10?
False
Is 3626442 a multiple of 186?
True
Is 161 a factor of 7398272?
True
Does 701 divide 689083?
True
Does 64 divide 3084814?
False
Does 292 divide 5928184?
True
Is 12610 a multiple of 26?
True
Is 88309 a multiple of 413?
False
Is 82 a factor of 35916?
True
Is 3138565 a multiple of 7?
False
Is 85 a factor of 840337?
False
Is 1148 a factor of 8052072?
True
Does 92 divide 44676?
False
Is 138075 a multiple of 35?
True
Is 52 a factor of 173505?
False
Is 14025495 a multiple of 80?
False
Does 240 divide 225548?
False
Is 495 a factor of 4786851?
False
Does 134 divide 212122?
True
Is 2995 a multiple of 3?
False
Is 934689 a multiple of 21?
True
Is 2728527 a multiple of 248?
False
Is 78866 a multiple of 30?
False
Is 184308 a multiple of 9?
False
Is 44 a factor of 68870?
False
Is 630660 a multiple of 15?
True
Does 614 divide 11632844?
True
Is 11314036 a multiple of 244?
True
Is 258124 a multiple of 4?
True
Does 45 divide 289440?
True
Is 2295023 a multiple of 101?
True
Is 89 a factor of 630101?
False
Is 56 a factor of 43064?
True
Does 314 divide 153232?
True
Does 1310 divide 4917740?
True
Is 43 a factor of 95182?
False
Does 22 divide 109450?
True
Does 44 divide 228976?
True
Is 402 a factor of 114972?
True
Is 799855 a multiple of 433?
False
Does 18 divide 323494?
False
Is 4606194 a multiple of 167?
True
Is 2381994 a multiple of 518?
False
Is 41 a factor of 98113?
True
Is 3 a factor of 4935?
True
Does 3 divide 55089?
True
Does 16 divide 454657?
False
Does 328 divide 552352?
True
Does 17 divide 537472?
True
Does 68 divide 1643492?
True
Does 196 divide 772921?
False
Does 6 divide 5349964?
False
Does 154 divide 335412?
True
Does 3 divide 22599?
True
Is 8956463 a multiple of 364?
False
Is 756 a multiple of 28?
True
Is 230 a factor of 414857?
False
Does 6 divide 3001740?
True
Is 250873 a multiple of 20?
False
Is 17932552 a multiple of 88?
True
Is 101 a factor of 387789?
False
Is 6187 even?
False
Does 299 divide 29608908?
False
Is 208922 a multiple of 6?
False
Does 12 divide 6485064?
True
Is 14 a factor of 82054?
True
Does 37 divide 24365?
False
Is 67 a factor of 6713534?
True
Does 136 divide 2679?
False
Does 41 divide 4599239?
False
Is 50 a factor of 6608132?
False
Is 2376662 a multiple of 311?
True
Is 1001250 a multiple of 89?
True
Does 2 divide 217907?
False
Is 38838 a multiple of 85?
False
Is 188721 a multiple of 24?
False
Is 133335 a multiple of 134?
False
Is 192353 even?
False
Is 524 a factor of 342172?
True
Does 1805 divide 11566440?
True
Is 38160 a multiple of 106?
True
Is 14 a factor of 334092?
False
Is 1684958 a multiple of 29?
True
Is 98 a factor of 1113966?
True
Does 71 divide 162306?
True
Does 244 divide 192272?
True
Is 475 a factor of 645050?
True
Does 160 divide 311360?
True
Does 17 divide 3452683?
True
Is 1676340 a multiple of 155?
False
Is 79 a factor of 2003860?
False
Is 196 a factor of 184234?
False
Is 32531 a multiple of 134?
False
Is 889166 a multiple of 250?
False
Is 15 a factor of 2505285?
True
Does 52 divide 820611?
False
Is 1676821 a multiple of 31?
True
Does 26 divide 5976178?
True
Is 559 a factor of 224887?
False
Is 6 a factor of 8232054?
True
Is 1016120 a multiple of 38?
True
Is 17 a factor of 1028378?
False
Does 100 divide 370501?
False
Does 84 divide 127512?
True
Is 57 a factor of 1517602?
False
Is 7979902 a multiple of 17?
True
Does 184 divide 1022117?
False
Is 444309 a multiple of 19?
False
Does 13 divide 446681?
False
Does 3 divide 52327?
False
Is 43642 a multiple of 2?
True
Does 142 divide 644061?
False
Does 13 divide 1299025?
True
Is 173721 a multiple of 425?
False
Is 1085383 a multiple of 29?
True
Does 8 divide 609712?
True
Is 16214 a multiple of 242?
True
Is 310 a factor of 3221?
False
Does 37 divide 489970?
False
Does 142 divide 874578?
True
Is 415480 a multiple of 52?
True
Is 424061 a multiple of 228?
False
Is 114 a factor of 24396?
True
Is 17 a factor of 46169?
False
Is 137 a factor of 1469736?
True
Does 29 divide 839400?
False
Is 301278 a multiple of 149?
True
Is 2 a factor of 11234?
True
Does 17 divide 21228900?
False
Does 18 divide 537516?
True
Is 20 a factor of 41372?
False
Is 50436 a multiple of 12?
True
Is 135 a factor of 24437430?
True
Does 10 divide 453990?
True
Does 5 divide 3731384?
False
Is 1132049 a multiple of 111?
False
Is 87 a factor of 10822?
False
Is 10330815 a mult